{"id":45,"date":"2023-08-09T09:10:46","date_gmt":"2023-08-09T09:10:46","guid":{"rendered":"https:\/\/xn--anettehvirvelkrterapi-s3b.dk\/?page_id=45"},"modified":"2023-09-12T18:26:02","modified_gmt":"2023-09-12T18:26:02","slug":"par","status":"publish","type":"page","link":"https:\/\/anettehvirvelkaerterapi.dk\/index.php\/psykoterapi\/par\/","title":{"rendered":"Par"},"content":{"rendered":"\n<p><\/p>\n\n\n\n<p><\/p>\n\n\n\n<p>Der kan v\u00e6re mange grunde til, at et par v\u00e6lger at g\u00e5 i parterapi. <\/p>\n\n\n\n<p>Det kan v\u00e6re kommunikationsproblemer, hvor den ene eller begge to kan blive frustreret over, at diskussioner k\u00f8rer i ring og\/eller ender i sk\u00e6nderi. Uforl\u00f8ste problemstillinger og l\u00e6ngerevarende sk\u00e6nderier kan p\u00e5virke n\u00e6rv\u00e6ret og tilliden til hinanden og relationen til den anden sv\u00e6kkes &#8211; og man tr\u00e6kker sig fra hinanden. <\/p>\n\n\n\n<p>Nogle gange kommer langvarige konflikter og kriser, hvor der m\u00e5ske ogs\u00e5 er meget svigt, vrede og tillidsbrud, til at overskygge k\u00e6rligheden til hinanden. Manglende kommunikation medvirker oftest til, at man mister kontakt og n\u00e6rhed til hinanden &#8211; og derved ogs\u00e5 gensidigt n\u00e6rv\u00e6r og omsorg til at kunne se og v\u00e6re nysgerrig overfor at forst\u00e5 hinanden.<\/p>\n\n\n\n<p>I et parforhold er der ofte h\u00e5b og l\u00e6ngsel efter noget andet end det aktuelle og der kan v\u00e6re brug for parterapi med en tredje part involveret. I parterapien vil jeg have fokus p\u00e5 jeres problematikker og m\u00f8nstre ved at v\u00e6re nysgerrig p\u00e5, hvordan I taler og lytter til hinanden og er sammen p\u00e5 i terapien. Derved hj\u00e6lpe jer med, at I f\u00e5r en st\u00f8rre indsigt og forst\u00e5else for de bagvedliggende motiver og frustrationer for hver jeres handlinger og dermed mulighed for forandringer.<\/p>\n\n\n\n<p><\/p>\n\n\n\n<div class=\"wp-block-columns is-layout-flex wp-container-core-columns-is-layout-9d6595d7 wp-block-columns-is-layout-flex\">\n<div class=\"wp-block-column is-layout-flow wp-block-column-is-layout-flow\" style=\"flex-basis:66.66%\">\n<p>Et par kan fx v\u00e6re for\u00e6lder og barn, k\u00e6rester, s\u00f8skende eller to venner.<\/p>\n<\/div>\n\n\n\n<div class=\"wp-block-column is-layout-flow wp-block-column-is-layout-flow\" style=\"flex-basis:33.33%\">\n<figure class=\"wp-block-image size-large\"><img loading=\"lazy\" decoding=\"async\" width=\"1024\" height=\"814\" src=\"https:\/\/anettehvirvelkaerterapi.dk\/wp-content\/uploads\/2023\/09\/to-hjerter-i-sand-1024x814.jpg\" alt=\"\" class=\"wp-image-568\" srcset=\"https:\/\/anettehvirvelkaerterapi.dk\/wp-content\/uploads\/2023\/09\/to-hjerter-i-sand-1024x814.jpg 1024w, https:\/\/anettehvirvelkaerterapi.dk\/wp-content\/uploads\/2023\/09\/to-hjerter-i-sand-300x238.jpg 300w, https:\/\/anettehvirvelkaerterapi.dk\/wp-content\/uploads\/2023\/09\/to-hjerter-i-sand-768x610.jpg 768w, https:\/\/anettehvirvelkaerterapi.dk\/wp-content\/uploads\/2023\/09\/to-hjerter-i-sand-1536x1220.jpg 1536w, https:\/\/anettehvirvelkaerterapi.dk\/wp-content\/uploads\/2023\/09\/to-hjerter-i-sand.jpg 1942w\" sizes=\"auto, (max-width: 1024px) 100vw, 1024px\" \/><\/figure>\n<\/div>\n<\/div>\n","protected":false},"excerpt":{"rendered":"<p>Der kan v\u00e6re mange grunde til, at et par v\u00e6lger at g\u00e5 i parterapi. Det kan v\u00e6re kommunikationsproblemer, hvor den ene eller begge to kan blive frustreret over, at diskussioner k\u00f8rer i ring og\/eller ender i sk\u00e6nderi. Uforl\u00f8ste problemstillinger og l\u00e6ngerevarende sk\u00e6nderier kan p\u00e5virke n\u00e6rv\u00e6ret og tilliden til hinanden og relationen til den anden sv\u00e6kkes &#8211; og man tr\u00e6kker sig fra hinanden. Nogle gange kommer langvarige konflikter og kriser, hvor der m\u00e5ske ogs\u00e5 er meget svigt, vrede og tillidsbrud, til at overskygge k\u00e6rligheden til hinanden. Manglende kommunikation medvirker oftest til, at man mister kontakt og n\u00e6rhed til hinanden &#8211; og derved ogs\u00e5 gensidigt n\u00e6rv\u00e6r og omsorg til at kunne se og v\u00e6re nysgerrig overfor at forst\u00e5 hinanden. I et parforhold er der ofte h\u00e5b og l\u00e6ngsel efter noget andet end det aktuelle og der kan v\u00e6re brug for parterapi med en tredje part involveret. I parterapien vil jeg have fokus&hellip;<\/p>\n<p> <a class=\"more-link\" href=\"https:\/\/anettehvirvelkaerterapi.dk\/index.php\/psykoterapi\/par\/\">Read more<\/a><\/p>\n","protected":false},"author":1,"featured_media":568,"parent":7,"menu_order":0,"comment_status":"closed","ping_status":"closed","template":"","meta":{"footnotes":""},"class_list":["post-45","page","type-page","status-publish","has-post-thumbnail"],"yoast_head":"<!-- This site is optimized with the Yoast SEO plugin v23.6 - https:\/\/yoast.com\/wordpress\/plugins\/seo\/ -->\n<title>Par - AnetteHvirvelk&aelig;r Terapi<\/title>\n<meta name=\"robots\" content=\"noindex, follow, max-snippet:-1, max-image-preview:large, max-video-preview:-1\" \/>\n<meta property=\"og:locale\" content=\"da_DK\" \/>\n<meta property=\"og:type\" content=\"article\" \/>\n<meta property=\"og:title\" content=\"Par - AnetteHvirvelk&aelig;r Terapi\" \/>\n<meta property=\"og:description\" content=\"Der kan v\u00e6re mange grunde til, at et par v\u00e6lger at g\u00e5 i parterapi. Det kan v\u00e6re kommunikationsproblemer, hvor den ene eller begge to kan blive frustreret over, at diskussioner k\u00f8rer i ring og\/eller ender i sk\u00e6nderi. Uforl\u00f8ste problemstillinger og l\u00e6ngerevarende sk\u00e6nderier kan p\u00e5virke n\u00e6rv\u00e6ret og tilliden til hinanden og relationen til den anden sv\u00e6kkes &#8211; og man tr\u00e6kker sig fra hinanden. Nogle gange kommer langvarige konflikter og kriser, hvor der m\u00e5ske ogs\u00e5 er meget svigt, vrede og tillidsbrud, til at overskygge k\u00e6rligheden til hinanden. Manglende kommunikation medvirker oftest til, at man mister kontakt og n\u00e6rhed til hinanden &#8211; og derved ogs\u00e5 gensidigt n\u00e6rv\u00e6r og omsorg til at kunne se og v\u00e6re nysgerrig overfor at forst\u00e5 hinanden. I et parforhold er der ofte h\u00e5b og l\u00e6ngsel efter noget andet end det aktuelle og der kan v\u00e6re brug for parterapi med en tredje part involveret. I parterapien vil jeg have fokus&hellip;  Read more\" \/>\n<meta property=\"og:url\" content=\"https:\/\/anettehvirvelkaerterapi.dk\/index.php\/psykoterapi\/par\/\" \/>\n<meta property=\"og:site_name\" content=\"AnetteHvirvelk&aelig;r Terapi\" \/>\n<meta property=\"article:modified_time\" content=\"2023-09-12T18:26:02+00:00\" \/>\n<meta property=\"og:image\" content=\"https:\/\/anettehvirvelkaerterapi.dk\/wp-content\/uploads\/2023\/09\/to-hjerter-i-sand-1024x814.jpg\" \/>\n\t<meta property=\"og:image:width\" content=\"1024\" \/>\n\t<meta property=\"og:image:height\" content=\"814\" \/>\n\t<meta property=\"og:image:type\" content=\"image\/jpeg\" \/>\n<meta name=\"twitter:card\" content=\"summary_large_image\" \/>\n<meta name=\"twitter:label1\" content=\"Estimeret l\u00e6setid\" \/>\n\t<meta name=\"twitter:data1\" content=\"1 minut\" \/>\n<script type=\"application\/ld+json\" class=\"yoast-schema-graph\">{\"@context\":\"https:\/\/schema.org\",\"@graph\":[{\"@type\":\"WebPage\",\"@id\":\"https:\/\/anettehvirvelkaerterapi.dk\/index.php\/psykoterapi\/par\/\",\"url\":\"https:\/\/anettehvirvelkaerterapi.dk\/index.php\/psykoterapi\/par\/\",\"name\":\"Par - AnetteHvirvelk&aelig;r Terapi\",\"isPartOf\":{\"@id\":\"https:\/\/anettehvirvelkaerterapi.dk\/#website\"},\"primaryImageOfPage\":{\"@id\":\"https:\/\/anettehvirvelkaerterapi.dk\/index.php\/psykoterapi\/par\/#primaryimage\"},\"image\":{\"@id\":\"https:\/\/anettehvirvelkaerterapi.dk\/index.php\/psykoterapi\/par\/#primaryimage\"},\"thumbnailUrl\":\"https:\/\/anettehvirvelkaerterapi.dk\/wp-content\/uploads\/2023\/09\/to-hjerter-i-sand.jpg\",\"datePublished\":\"2023-08-09T09:10:46+00:00\",\"dateModified\":\"2023-09-12T18:26:02+00:00\",\"breadcrumb\":{\"@id\":\"https:\/\/anettehvirvelkaerterapi.dk\/index.php\/psykoterapi\/par\/#breadcrumb\"},\"inLanguage\":\"da-DK\",\"potentialAction\":[{\"@type\":\"ReadAction\",\"target\":[\"https:\/\/anettehvirvelkaerterapi.dk\/index.php\/psykoterapi\/par\/\"]}]},{\"@type\":\"ImageObject\",\"inLanguage\":\"da-DK\",\"@id\":\"https:\/\/anettehvirvelkaerterapi.dk\/index.php\/psykoterapi\/par\/#primaryimage\",\"url\":\"https:\/\/anettehvirvelkaerterapi.dk\/wp-content\/uploads\/2023\/09\/to-hjerter-i-sand.jpg\",\"contentUrl\":\"https:\/\/anettehvirvelkaerterapi.dk\/wp-content\/uploads\/2023\/09\/to-hjerter-i-sand.jpg\",\"width\":1942,\"height\":1543,\"caption\":\"Two hearts in the sand\"},{\"@type\":\"BreadcrumbList\",\"@id\":\"https:\/\/anettehvirvelkaerterapi.dk\/index.php\/psykoterapi\/par\/#breadcrumb\",\"itemListElement\":[{\"@type\":\"ListItem\",\"position\":1,\"name\":\"Hjem\",\"item\":\"https:\/\/anettehvirvelkaerterapi.dk\/\"},{\"@type\":\"ListItem\",\"position\":2,\"name\":\"Psykoterapi\",\"item\":\"https:\/\/anettehvirvelkaerterapi.dk\/index.php\/psykoterapi\/\"},{\"@type\":\"ListItem\",\"position\":3,\"name\":\"Par\"}]},{\"@type\":\"WebSite\",\"@id\":\"https:\/\/anettehvirvelkaerterapi.dk\/#website\",\"url\":\"https:\/\/anettehvirvelkaerterapi.dk\/\",\"name\":\"AnetteHvirvelk&aelig;r Terapi\",\"description\":\"Samtaleterapi  til enkelt personer, par og familier og kropsorienteret behandling\",\"potentialAction\":[{\"@type\":\"SearchAction\",\"target\":{\"@type\":\"EntryPoint\",\"urlTemplate\":\"https:\/\/anettehvirvelkaerterapi.dk\/?s={search_term_string}\"},\"query-input\":{\"@type\":\"PropertyValueSpecification\",\"valueRequired\":true,\"valueName\":\"search_term_string\"}}],\"inLanguage\":\"da-DK\"}]}<\/script>\n<!-- \/ Yoast SEO plugin. -->","yoast_head_json":{"title":"Par - AnetteHvirvelk&aelig;r Terapi","robots":{"index":"noindex","follow":"follow","max-snippet":"max-snippet:-1","max-image-preview":"max-image-preview:large","max-video-preview":"max-video-preview:-1"},"og_locale":"da_DK","og_type":"article","og_title":"Par - AnetteHvirvelk&aelig;r Terapi","og_description":"Der kan v\u00e6re mange grunde til, at et par v\u00e6lger at g\u00e5 i parterapi. Det kan v\u00e6re kommunikationsproblemer, hvor den ene eller begge to kan blive frustreret over, at diskussioner k\u00f8rer i ring og\/eller ender i sk\u00e6nderi. Uforl\u00f8ste problemstillinger og l\u00e6ngerevarende sk\u00e6nderier kan p\u00e5virke n\u00e6rv\u00e6ret og tilliden til hinanden og relationen til den anden sv\u00e6kkes &#8211; og man tr\u00e6kker sig fra hinanden. Nogle gange kommer langvarige konflikter og kriser, hvor der m\u00e5ske ogs\u00e5 er meget svigt, vrede og tillidsbrud, til at overskygge k\u00e6rligheden til hinanden. Manglende kommunikation medvirker oftest til, at man mister kontakt og n\u00e6rhed til hinanden &#8211; og derved ogs\u00e5 gensidigt n\u00e6rv\u00e6r og omsorg til at kunne se og v\u00e6re nysgerrig overfor at forst\u00e5 hinanden. I et parforhold er der ofte h\u00e5b og l\u00e6ngsel efter noget andet end det aktuelle og der kan v\u00e6re brug for parterapi med en tredje part involveret. I parterapien vil jeg have fokus&hellip;  Read more","og_url":"https:\/\/anettehvirvelkaerterapi.dk\/index.php\/psykoterapi\/par\/","og_site_name":"AnetteHvirvelk&aelig;r Terapi","article_modified_time":"2023-09-12T18:26:02+00:00","og_image":[{"width":1024,"height":814,"url":"https:\/\/anettehvirvelkaerterapi.dk\/wp-content\/uploads\/2023\/09\/to-hjerter-i-sand-1024x814.jpg","type":"image\/jpeg"}],"twitter_card":"summary_large_image","twitter_misc":{"Estimeret l\u00e6setid":"1 minut"},"schema":{"@context":"https:\/\/schema.org","@graph":[{"@type":"WebPage","@id":"https:\/\/anettehvirvelkaerterapi.dk\/index.php\/psykoterapi\/par\/","url":"https:\/\/anettehvirvelkaerterapi.dk\/index.php\/psykoterapi\/par\/","name":"Par - AnetteHvirvelk&aelig;r Terapi","isPartOf":{"@id":"https:\/\/anettehvirvelkaerterapi.dk\/#website"},"primaryImageOfPage":{"@id":"https:\/\/anettehvirvelkaerterapi.dk\/index.php\/psykoterapi\/par\/#primaryimage"},"image":{"@id":"https:\/\/anettehvirvelkaerterapi.dk\/index.php\/psykoterapi\/par\/#primaryimage"},"thumbnailUrl":"https:\/\/anettehvirvelkaerterapi.dk\/wp-content\/uploads\/2023\/09\/to-hjerter-i-sand.jpg","datePublished":"2023-08-09T09:10:46+00:00","dateModified":"2023-09-12T18:26:02+00:00","breadcrumb":{"@id":"https:\/\/anettehvirvelkaerterapi.dk\/index.php\/psykoterapi\/par\/#breadcrumb"},"inLanguage":"da-DK","potentialAction":[{"@type":"ReadAction","target":["https:\/\/anettehvirvelkaerterapi.dk\/index.php\/psykoterapi\/par\/"]}]},{"@type":"ImageObject","inLanguage":"da-DK","@id":"https:\/\/anettehvirvelkaerterapi.dk\/index.php\/psykoterapi\/par\/#primaryimage","url":"https:\/\/anettehvirvelkaerterapi.dk\/wp-content\/uploads\/2023\/09\/to-hjerter-i-sand.jpg","contentUrl":"https:\/\/anettehvirvelkaerterapi.dk\/wp-content\/uploads\/2023\/09\/to-hjerter-i-sand.jpg","width":1942,"height":1543,"caption":"Two hearts in the sand"},{"@type":"BreadcrumbList","@id":"https:\/\/anettehvirvelkaerterapi.dk\/index.php\/psykoterapi\/par\/#breadcrumb","itemListElement":[{"@type":"ListItem","position":1,"name":"Hjem","item":"https:\/\/anettehvirvelkaerterapi.dk\/"},{"@type":"ListItem","position":2,"name":"Psykoterapi","item":"https:\/\/anettehvirvelkaerterapi.dk\/index.php\/psykoterapi\/"},{"@type":"ListItem","position":3,"name":"Par"}]},{"@type":"WebSite","@id":"https:\/\/anettehvirvelkaerterapi.dk\/#website","url":"https:\/\/anettehvirvelkaerterapi.dk\/","name":"AnetteHvirvelk&aelig;r Terapi","description":"Samtaleterapi  til enkelt personer, par og familier og kropsorienteret behandling","potentialAction":[{"@type":"SearchAction","target":{"@type":"EntryPoint","urlTemplate":"https:\/\/anettehvirvelkaerterapi.dk\/?s={search_term_string}"},"query-input":{"@type":"PropertyValueSpecification","valueRequired":true,"valueName":"search_term_string"}}],"inLanguage":"da-DK"}]}},"_links":{"self":[{"href":"https:\/\/anettehvirvelkaerterapi.dk\/index.php\/wp-json\/wp\/v2\/pages\/45","targetHints":{"allow":["GET"]}}],"collection":[{"href":"https:\/\/anettehvirvelkaerterapi.dk\/index.php\/wp-json\/wp\/v2\/pages"}],"about":[{"href":"https:\/\/anettehvirvelkaerterapi.dk\/index.php\/wp-json\/wp\/v2\/types\/page"}],"author":[{"embeddable":true,"href":"https:\/\/anettehvirvelkaerterapi.dk\/index.php\/wp-json\/wp\/v2\/users\/1"}],"replies":[{"embeddable":true,"href":"https:\/\/anettehvirvelkaerterapi.dk\/index.php\/wp-json\/wp\/v2\/comments?post=45"}],"version-history":[{"count":17,"href":"https:\/\/anettehvirvelkaerterapi.dk\/index.php\/wp-json\/wp\/v2\/pages\/45\/revisions"}],"predecessor-version":[{"id":634,"href":"https:\/\/anettehvirvelkaerterapi.dk\/index.php\/wp-json\/wp\/v2\/pages\/45\/revisions\/634"}],"up":[{"embeddable":true,"href":"https:\/\/anettehvirvelkaerterapi.dk\/index.php\/wp-json\/wp\/v2\/pages\/7"}],"wp:featuredmedia":[{"embeddable":true,"href":"https:\/\/anettehvirvelkaerterapi.dk\/index.php\/wp-json\/wp\/v2\/media\/568"}],"wp:attachment":[{"href":"https:\/\/anettehvirvelkaerterapi.dk\/index.php\/wp-json\/wp\/v2\/media?parent=45"}],"curies":[{"name":"wp","href":"https:\/\/api.w.org\/{rel}","templated":true}]}}